et o = -29 - -33. What is the highest common divisor of o and y?
4
Suppose -11*k + 4*k = -98. Let x = 8 + 48. Calculate the highest common factor of x and k.
14
Let p = 9 - 5. Suppose -p*b - i = -393, 0 = 4*b + i + i - 390. Suppose 0*z - z = -b. Calculate the greatest common divisor of z and 9.
9
Suppose -4*m + 1 = -2*a + 21, 50 = 5*a - 2*m. Suppose 0 = 5*i - a - 20. What is the highest common factor of i and 2?
2
Let a = 18 - 14. What is the highest common divisor of a and 4?
4
Suppose -15*s - 124 = -514. Calculate the highest common factor of 65 and s.
13
Let j be ((-20)/(-50))/(1/215). What is the greatest common divisor of 129 and j?
43
Let n be -4*(-5 - 6/(-2)). Suppose -z + 0*z + n = 3*g, -2*z + 52 = -3*g. Let s(j) = -9*j + 1. Let k be s(-1). Calculate the greatest common divisor of k and z.
10
Let a be 8/6*(-18)/(-4). Let l(i) = 3*i**3 - 3*i**2 + 3. Let k be l(2). What is the greatest common factor of k and a?
3
Let i(g) = 11*g - 7. Let d be i(7). Calculate the highest common divisor of 10 and d.
10
Suppose 0 = 4*o + 1 - 5. Let h(b) = 8*b. Let l be h(o). What is the highest common factor of l and 20?
4
Suppose 8*h = 7*h + 28. Calculate the greatest common divisor of 4 and h.
4
Let m = 18 + -22. Let i = m + 19. Calculate the greatest common divisor of 15 and i.
15
Suppose -59 = 2*i - 23. Let d be 7*(0 - i/21). What is the highest common factor of 15 and d?
3
Suppose 0 = -4*n - 2*w + 3*w + 61, -2*n - 3*w + 41 = 0. What is the greatest common divisor of 24 and n?
8
Let c be -1 - (3 - 192/4). Suppose -5*g = -3*f + 223, 3*f + 3*g + 2*g - 173 = 0. What is the greatest common factor of c and f?
22
Let p = -9 - -3. Let m = 0 + p. Let y be m/15 + 587/5. Calculate the greatest common divisor of 13 and y.
13
Suppose -19*m + 313 = -219. Calculate the highest common divisor of m and 70.
14
Let g be -2*(-3 - -1)*34/4. Calculate the greatest common divisor of 85 and g.
17
Let x be (-10)/35 + (-4)/(-14). Suppose x*l + 6 = 2*l. Suppose c = -l*c + 4. Calculate the greatest common factor of 9 and c.
1
Let d(b) = b**2 + 11*b + 16. Let n be d(-10). What is the greatest common factor of 6 and n?
6
Let d(n) = 3*n**2 + n. Let v be d(3). Calculate the greatest common factor of v and 240.
30
Let c = 17 - 10. What is the highest common factor of 21 and c?
7
Let a(f) = -f - 1. Let x be a(-11). Calculate the greatest common factor of x and 70.
10
Suppose 0 = t + 1, -t - 17 = 5*y - 4*t. Let c be 245/20 - (-1)/y. What is the greatest common divisor of 108 and c?
12
Let t(i) = i**3 + 5*i**2 - 6*i + 2. Let c be t(-6). Suppose -f = c*f - 27. Calculate the greatest common factor of 81 and f.
9
Suppose -16*p + 11*p = -120. What is the greatest common factor of p and 32?
8
Let l be 4/14 - (-5)/7. Let o(i) = 3 - 1 + l - i. Let c be o(-3). Calculate the greatest common divisor of 12 and c.
6
Suppose 23 = -3*p - c, -4*c + 34 = 3*p - 5*p. Let n(v) = -3*v**3 - v**2 - v - 1. Let i be n(-2). Let k = i + p. Calculate the highest common divisor of 3 and k.
3
Suppose 0 = 2*t + 4, -3*x = 2*t + 8 - 34. Let k be 6 + -3 + 1 + 1. Calculate the highest common factor of x and k.
5
Suppose 5*d - 24 = m - 114, 0 = -3*m - 3*d + 270. What is the highest common factor of m and 36?
18
Let o be 27 - (-9)/((-9)/4). Calculate the greatest common factor of 92 and o.
23
Suppose 5*k = k + 8. Suppose d + 6 = k*d. Let f = -3 + d. What is the greatest common factor of f and 27?
3
Suppose 29 = 4*k - 3. What is the greatest common factor of k and 32?
8
Suppose -25 = -s - 2*t - 2*t, 43 = 2*s + t. What is the greatest common factor of s and 3?
3
Suppose 9 = -5*q + 6*q. Let p = -1 - -19. Calculate the highest common factor of q and p.
9
Let v(y) = y + 25. Let w be v(19). What is the highest common factor of 33 and w?
11
Let u(v) be the second derivative of -7*v**3 - 3*v**2 + 5*v. Let y be u(-3). What is the highest common factor of y and 15?
15
Suppose 4*h + 2*d - 3*d - 357 = 0, -h - 2*d = -96. Suppose -f + 3*x = -27, -f = 4*x + x - 51. What is the highest common divisor of f and h?
18
Let j = 2 + -2. Suppose j = -4*l + 9 + 15. Let i(z) = 2*z**3 - 4*z**2 + 4*z - 2. Let x be i(2). Calculate the highest common divisor of l and x.
6
Let o(q) = -q**3 - 12*q**2 - 13*q - 5. Let m be o(-11). Calculate the greatest common factor of 85 and m.
17
Let m = -69 + 1051. Suppose 4*s - m = -7*h + 2*h, 2*h + 5*s = 386. Calculate the highest common divisor of 22 and h.
22
Suppose -248 = 5*n - 1568. Let m be 3/(2 - (-10)/(-8)). Suppose 0 = -m*b + 20, 2*j - 18 = -2*b + 40. What is the highest common factor of n and j?
24
Let o be ((-6)/(-27)*3)/((-4)/(-30)). Calculate the highest common divisor of o and 5.
5
Suppose 2*b = -5 - 1. Let x be b/(1 - 56/54). What is the greatest common factor of 9 and x?
9
Let i = -48 - -63. Calculate the highest common divisor of 165 and i.
15
Suppose -4*g = -5*y - 3*g + 58, -5*g + 46 = 3*y. Let f = 1 + 11. What is the highest common divisor of f and y?
12
Let n = 70 + -46. Let r be -6*6/(-3 + 0). What is the highest common factor of r and n?
12
Suppose -4*b + 3*k + 127 = 0, -4*b + 121 = -0*b - 5*k. Suppose -2*v + 6*v - 340 = 0. Calculate the highest common divisor of v and b.
17
Let h = 265 - 184. What is the highest common divisor of h and 27?
27
Let k be (-3 + 5)*(19 - 1). Calculate the highest common factor of k and 24.
12
Let w(a) = -6*a - 3 + 3 - 5 + 4. Let d be w(-2). Calculate the greatest common divisor of 11 and d.
11
Let y be 6/15 + (-8)/20. Let r be (4 - y)/((-3)/(-12)). Calculate the highest common factor of 32 and r.
16
Let s = -5 - -49. Calculate the highest common divisor of 484 and s.
44
Let t(w) = w**2 + 6*w + 3. Let s be t(-8). Suppose 4*r - 77 = s. What is the highest common divisor of r and 60?
12
Let d(z) = z**2 + z - 1. Let y(w) = -4*w**2 - 2*w + 3. Let a(b) = -3*d(b) - y(b). Let j be a(7). Calculate the greatest common factor of 6 and j.
6
Let o be (1 - -17)*2/((-4)/(-9)). Calculate the greatest common factor of 9 and o.
9
Let s = 3 + 1. Let i = -45 + 77. What is the greatest common divisor of s and i?
4
Let o be ((-2)/(-6))/(1/51). Suppose 2*w - 5*p = -w + 37, 4*p + o = w. Calculate the greatest common divisor of 1 and w.
1
Let x = 21 - 12. Calculate the highest common factor of x and 6.
3
Suppose 12 = 3*w - 6. Let l be (67 + 5)*(-9)/(-12). Calculate the greatest common divisor of w and l.
6
Let l be 64/6*63/14. Calculate the highest common factor of l and 6.
6
Let m = 93 - 66. What is the greatest common factor of 216 and m?
27
Suppose 2*t - 230 = 4*i, -2*t + 123 + 102 = -5*i. Suppose -t = -2*k + 5*l, -5*k + 110 = 2*l - 159. What is the highest common factor of 22 and k?
11
Let a be (-1 + -3)*(6 + -9). Let r = 299 - 203. Calculate the highest common divisor of r and a.
12
Let w = 6 + 4. Let y = 14 - -11. What is the highest common divisor of w and y?
5
Let m(k) = 2*k**2 - 4*k + 2. Let j be m(2). Let n(i) = -j*i + 2 + 6*i**2 - 2. Let r be n(2). Calculate the highest common divisor of r and 50.
10
Let t = 8 - -1. Let b be (1 + -10)/(t/(-27)). Let z = 15 - 6. What is the greatest common divisor of z and b?
9
Suppose -o - 35 = -4*r, 2*o + 13 = r - 1. Let b be r + (-2 - (1 + -5)). Calculate the highest common factor of b and 40.
10
Suppose -m - 3*k - 7 + 3 = 0, -3*k = -5*m + 52. What is the greatest common factor of m and 8?
8
Let f be ((-1)/3)/(((-49)/357)/7). Calculate the greatest common divisor of f and 51.
17
Suppose -2*f = -q - 68, 3*f - 17 = 4*q + 90. Calculate the highest common divisor of f and 22.
11
Suppose -2*k = 2*i - 8, 2*i - i + 23 = 2*k. Let d be (27/(-36))/((-2)/72). What is the highest common factor of k and d?
9
Suppose -3*t + 2*v = -42, 4*v = -2 - 10. Let y be (2/3)/(2/t). Let c be 1844/14 - y/(-14). Calculate the greatest common divisor of c and 12.
12
Suppose -8 + 32 = 6*r. Let i be 37 - 2*1/2. Calculate the greatest common divisor of r and i.
4
Suppose 5*v = 6 - 1. Let d be 3 - 3 - -3 - v. Suppose 4*h - q - 16 = 0, -4*h - 3*q = -h - 12. Calculate the greatest common divisor of d and h.
2
Suppose -3*d - 120 = -13*d. What is the highest common factor of 96 and d?
12
Let c(l) = -l**2 + 9*l + 3. Let z be c(8). Suppose 2*n + 5 = z. Let u be 107/n + 6/18. Calculate the greatest common divisor of u and 24.
12
Let l be 6 + -14 - 1/1. Let s be (1/1 + l)*-3. Ca